 + d - 201. What is the remainder when s is divided by t?
21
What is the remainder when 15/2*1560/90 is divided by 7?
4
Suppose -3*s = -8*s. Let t(i) = -i**2 + 5. Let p be t(s). Let l(c) = 2*c**2 - 9*c + 6. What is the remainder when l(p) is divided by 4?
3
Suppose -5*i + 3*p = -123, -2*i + 70 = 3*p + p. Let u(x) = -96*x + 2453. What is the remainder when u(25) is divided by i?
26
Let h(y) = y + 12. Let m(b) = -b**3 + 25*b**2 + 29*b - 62. Calculate the remainder when m(26) is divided by h(-6).
4
Let k = -397 - -598. What is the remainder when k is divided by 51?
48
Let t = -1 - -1. Let y(c) = 3*c + 23. Calculate the remainder when y(t) is divided by 6.
5
Suppose -2*l = -3*v + 156, -4*l - 101 = -3*v + 55. What is the remainder when 100 is divided by v?
48
Let q = 14 + -6. Suppose 11*a - 17*a + 282 = 0. What is the remainder when a is divided by q?
7
Suppose 66*o = 61*o + 365. What is the remainder when o is divided by 20?
13
Let n(i) = i + 8. Let g(d) = -1. Let t(m) = -3*g(m) - n(m). Let f be t(-9). What is the remainder when 35 is divided by f/(-10) - (-141)/15?
8
Calculate the remainder when ((-10)/(-6))/((35/(-1080))/(-7)) is divided by 89.
4
Suppose -34*y + 9 = -31*y. Suppose -i + 692 = y*i - 2*v, v = -5*i + 879. Calculate the remainder when i is divided by 44.
43
Let n = 239 + -129. What is the remainder when n is divided by 16?
14
Suppose 0*f - 69 = -3*f. Calculate the remainder when 64 is divided by f.
18
Suppose -3*c - 24 = -6*v + v, -v = c + 16. Let w = 14 + c. Calculate the remainder when 97 - ((w - 1) + 2) is divided by 24.
23
Suppose -n = 2, -3*p + 67 = -2*n + 6*n. Let c = p - 12. What is the remainder when 50 is divided by c?
11
Let l(q) = -q**3 - 4*q**2 - 7*q - 2. What is the remainder when 68 is divided by l(-4)?
16
What is the remainder when 71 is divided by (-25)/(3 + -2 - (2 - 0))?
21
Let y(m) = 5 - 11*m**2 - m + 19*m**2 + 5*m - m**3 - 3*m. Suppose -147 = -3*u - 3*g, 2*g + 0*g + 202 = 4*u. Calculate the remainder when u is divided by y(8).
11
Let f = -40 + 428. What is the remainder when f is divided by 26?
24
What is the remainder when 2 - 1 - (-53 + 17) is divided by 10?
7
What is the remainder when (-5)/(25/(-10)) + 4 + 64 is divided by 5?
0
Let d be (-17)/(-5) + 8/(-20). Suppose 4*c - 174 = d*c. Suppose -3*y + 2*j = -149, -6*j + 3*j + c = 3*y. What is the remainder when y is divided by 14?
11
Let p = -2190 - -2305. What is the remainder when p is divided by 23?
0
Let b = -14 - -44. Let y = b - 30. Suppose y*o - o = -31. What is the remainder when o is divided by 12?
7
Suppose 2 - 6 = -3*z + s, s - 5 = 0. Calculate the remainder when z is divided by ((-8)/(-6))/(4/6).
1
Let p(a) = -13*a - 97. What is the remainder when 69 is divided by p(-8)?
6
Suppose -2*b = l - 5*l - 104, 4*b - 2*l - 226 = 0. Suppose -5*o = -2*w - 272, -w = 3*o - b - 103. What is the remainder when 6 is divided by (2/9)/(6/o)?
0
Suppose -1407 + 204 = -5*u - 3*c, -4*c + 244 = u. What is the remainder when u is divided by 41?
35
Suppose 66*l + 652 = 3226. What is the remainder when 540 is divided by l?
33
Let d(v) = 66*v**2 + 152*v + 4. What is the remainder when d(-3) is divided by 38?
28
Suppose -59*r = 11*r - 1610. Calculate the remainder when 89 is divided by r.
20
Let n(k) = -106*k + 21. Let c = 1 - 2. Let p(q) = -42*q - 1. What is the remainder when p(c) is divided by n(0)?
20
Let w(l) = -4 - 27 + 2 - 13*l + 3. What is the remainder when 62 is divided by w(-3)?
10
Suppose -p = -8*p + 1841. What is the remainder when p is divided by 39?
29
Let b be -2 + 0 + 1 + 4. Suppose 5*m = -2*v + 285, b*m - v - 190 = -19. Calculate the remainder when m is divided by 12.
9
Let w(q) = 3*q + 62. Let d be w(-19). Suppose 4*k + 49 = l, 3*l + d*k - 198 = -51. What is the remainder when l is divided by 16?
1
Let k(a) = 3*a**2 + 15*a - 63. What is the remainder when k(-11) is divided by 51?
33
Suppose 0 = 4*q - 0*q - 32. Suppose 196 = 3*c + 52. Suppose 0 = -5*v + 5*y + 105, -v = v + 4*y - c. What is the remainder when v is divided by q?
6
Let w(j) = 2*j**2 + 2*j + 51. Let s(u) = u**2 - 8*u + 4. Let r be s(8). Suppose q = -r*q + 155. What is the remainder when w(-5) is divided by q?
29
Suppose m - 3*h + 39 = 2*m, -5*h - 88 = -4*m. What is the remainder when 126 is divided by ((-39)/2)/(6 + m/(-4))?
22
Suppose 4*g + 0*g + 48 = 5*b, 63 = 4*b + 5*g. Let y(j) = 2*j**2 - 17*j - 10. What is the remainder when y(b) is divided by 20?
14
Let z = -52 - -93. What is the remainder when 80 is divided by z?
39
Suppose -5*j + 365 = -170. Let u = -1569 - -1596. Calculate the remainder when j is divided by u.
26
Suppose 0 = 37*d - 32*d + 10, -5*o = 5*d - 895. Calculate the remainder when o is divided by 72.
37
Suppose 844 = 7*d + 445. Calculate the remainder when 339 is divided by d.
54
Let j(m) = 3*m**2 - 73*m + 388. Calculate the remainder when 343 is divided by j(6).
53
Suppose j + 0*j - 5*s = -54, 4*j = -4*s - 264. Let r = 5 - j. What is the remainder when r is divided by 18?
15
Let n(z) = 6*z**2 - z + 7. Let j be n(5). What is the remainder when -2*(j - 4)/(-4) is divided by 25?
24
What is the remainder when -3 + 14900/35 + 32/112 is divided by 86?
79
Suppose 101*q - 79*q - 880 = 0. Calculate the remainder when 238 is divided by q.
38
Let z = 16 - 10. Suppose -7*v + 6*v + 14 = -4*m, 4*m = -5*v - 2. Suppose z*d - 136 = v*d. Calculate the remainder when d is divided by 9.
7
Let z = -16 + 21. Suppose 2*y - 39 = -5*s, -z*s - y + 30 = -s. Suppose 5*k - 50 = 5. Calculate the remainder when k is divided by s.
4
Suppose 5*z - 2 - 13 = 0. Suppose 4*v - 4 = z*v. Let i(j) = 5*j - 6. Calculate the remainder when i(4) is divided by v.
2
What is the remainder when (-12)/96 - (0 + 2066/(-16)) is divided by 33?
30
Let n(i) = -34*i - 35. What is the remainder when n(-2) is divided by 9?
6
Calculate the remainder when 39 is divided by 69/6 + (-9)/(-18).
3
Let y = -244 - -241. Let a(d) be the second derivative of d**4/6 + 2*d**3/3 + d**2/2 - d. What is the remainder when a(y) is divided by 3?
1
Suppose 6*t = 714 - 582. Calculate the remainder when 149 is divided by t.
17
Suppose 0 = 7*p - 1203 - 36. What is the remainder when p is divided by 50?
27
Suppose 6 = g + 2*p, 0 = -0*p + 5*p. Let m = 0 - -3. Calculate the remainder when g is divided by m.
0
Let k(u) = u**2. Let v(f) = -f**3 + 8*f**2 + 6*f - 6. Let a(j) = -3*k(j) + v(j). Calculate the remainder when a(5) is divided by 13.
11
Suppose 2*m + 7*m = -2*m. Calculate the remainder when m + (5 - 1) + 83 is divided by 22.
21
What is the remainder when (18/(-2) - -3) + 117 is divided by 44?
23
Let u = -1067 - -1089. What is the remainder when 58 is divided by u?
14
Let w(c) = 2*c**2 + 23*c - 52. Let d(x) be the second derivative of 13*x**4/12 - x**3/6 + x. Calculate the remainder when w(-15) is divided by d(-1).
11
Suppose -544 - 308 = -3*i. Suppose 795 = 5*o + 4*a + 88, -a + i = 2*o. Calculate the remainder when o is divided by 29.
27
Suppose -2*v - 2*v = 44. Let n = v - -13. Suppose 5*j - 4*g - 93 = 0, -4*j + 4*g = n*g - 78. Calculate the remainder when 81 is divided by j.
18
Suppose 11*u + 54 + 45 = 0. Let j(f) = -14*f - 80. What is the remainder when 229 is divided by j(u)?
45
Let u(k) = k + 2. Suppose 0 = 4*f + 4*o - 24, 2*f - 5*o - 1 = 4. Calculate the remainder when 25 is divided by u(f).
4
Suppose 0 = 2*b + 4*i + 260, 0 = 5*b + 4*i + 678 - 40. Calculate the remainder when b/(1 - (7 - 4)) is divided by 16.
15
Suppose 10*f + 1053 = 19*f. Calculate the remainder when f is divided by 10.
7
Suppose -4*q - 3 = 5. Let l(u) = -4*u + 5. What is the remainder when 38 is divided by l(q)?
12
What is the remainder when 95 is divided by (-8 - -3)*16/(-4)?
15
Let v = 44 + -30. Let j be (2 - (3 + 1))/(-1). Suppose -3*s + 0*s + j = 5*g, g - 18 = -5*s. Calculate the remainder when v is divided by s.
2
Suppose -4*k + o = -3, -4*k + 3*o + 3 = 10. Suppose 5*s - 13 = k. Suppose -3*l = -4*c + 109, -s*l + 2 = -13. Calculate the remainder when c is divided by 9.
4
Suppose 62 = 4*v + n, -v - 22 = -n - 40. What is the remainder when 1807 is divided by v?
15
Suppose 2*v = -3*b + 73, -3*v + 8*v - 67 = -2*b. Suppose -8*k = -9*k + b. Calculate the remainder when 61 is divided by k.
19
Let b be 84/1 + (2 - 0). Suppose -b*q + 89*q = 18. What is the remainder when 41 is divid